 = 352 + -261. What is the remainder when q is divided by 32?
27
Let v = 3574 - 3480. What is the remainder when v is divided by (-1)/(-3)*3 + 34?
24
Suppose 141 = 3*p - 3*y, 91 = 2*p - y - 8. Suppose 3*t = -5*l + 52, -5*t + 61 = 2*l + 6. What is the remainder when p is divided by t?
7
Let a(c) = -c**2 - 27*c + 11. What is the remainder when 1330 is divided by a(-26)?
35
Suppose 1235 = -8*s + 13*s. What is the remainder when s is divided by 29?
15
What is the remainder when 47 is divided by (-3)/2*24*(-16)/36?
15
Suppose -4*u + 2*c + 56 = 0, 3*u - 4*u + 25 = 5*c. What is the remainder when 30 - 12/16*4 is divided by (u - (-4 + 5))/2?
6
Let f(a) = 2*a**2 + 46*a + 47. What is the remainder when 153 is divided by f(-22)?
0
Let f = -27 + 21. What is the remainder when (2/f)/((-7)/1533) is divided by 19?
16
Let t = -19 + 26. Let v = 6 - 4. Suppose -3*p + v*p = -2*o - 10, -4*p - 4 = 3*o. What is the remainder when t is divided by p?
1
What is the remainder when (4 - 77/14) + (-638)/(-4) is divided by 16?
14
Let t = 822 - 791. Calculate the remainder when 182 is divided by t.
27
Let q = 2 - -7. Suppose -q*t = -13*t + 136. What is the remainder when t is divided by 11?
1
Let c be (-93)/6*(4 - (5 + -3)). Suppose -2*z + 7*z - 10 = 0. What is the remainder when (c + z)/(-2 - -1) is divided by 10?
9
Let f be ((-16)/6)/(-2) - (-165)/45. Suppose 0 = -p + 3*p. Suppose x + p*x = f. Calculate the remainder when 13 is divided by x.
3
Calculate the remainder when 240 is divided by 108/15*6 + 132/165.
20
Let s(g) = -g + 8. Let t be s(4). Suppose 15 + 61 = t*v. Let c = 34 - v. What is the remainder when c is divided by 6?
3
Suppose 0 = 2*r - 4*s - 82 - 18, 236 = 5*r - 3*s. Calculate the remainder when 177 is divided by r.
39
Let a = 29 + -9. Suppose -2*n + a + 12 = 0. What is the remainder when 27 is divided by n?
11
Let x(k) = -5*k**2 + 80*k + 5. Calculate the remainder when x(15) is divided by 39.
2
Let b = -1923 + 1973. Calculate the remainder when b is divided by 3.
2
Let w(n) = -n**3 + 5*n**2 + 7*n - 3. Suppose -45 = -8*z + 3*z - p, -17 = z - 5*p. Calculate the remainder when z is divided by w(6).
2
Let q = 135 - 135. Suppose q = 4*h - 3*h + 2*i - 19, 2*h = 2*i + 32. What is the remainder when 33 is divided by h?
16
What is the remainder when (-8 + 9/2)*(-584)/14 is divided by 46?
8
Suppose 2*z - 12 = -106. Let n = -71 + 116. What is the remainder when n is divided by 15/(-30) - z/2?
22
Let n = 800 - 713. What is the remainder when 178 is divided by n?
4
Let d = -757 - -771. What is the remainder when 2141 is divided by d?
13
Let t(f) = f**3 + 16*f**2 - f + 7. Suppose 2*d = -2*o - 24, 2*d = o + o + 40. Calculate the remainder when 90 is divided by t(o).
21
Let s = -118 - -206. Let x(n) = -n**2 - 11*n + 12. Suppose y + 3*y = -36. Calculate the remainder when s is divided by x(y).
28
Suppose -215 = 4*m + 185. Let r = m - -143. Calculate the remainder when 256 is divided by r.
41
Let h(y) = 14*y - 60. Let a be h(5). Suppose -c - 1665 = -a*c. Calculate the remainder when c is divided by 31.
30
Let x = 58 + -126. Let u = -47 - x. What is the remainder when u is divided by 6?
3
Let j(k) = -4*k - 2. Let i be j(-3). Let r = i + -6. Suppose -3*h - 2*t = -61, -3*t - 3 - 10 = -h. What is the remainder when h is divided by r?
3
Let f be ((-52)/(-6))/((-30)/45). What is the remainder when ((-7752)/(-342))/((-4)/(-6) - 0) is divided by (-2)/(2 + f/6)?
10
Let x(i) = i**2 + 5*i - 8. Let f be x(-6). Let z(v) = -3*v**3 - 3*v**2 - 2*v - 3. Calculate the remainder when 25 - (-2 - -4) - -2 is divided by z(f).
12
Let w(g) = g**3 + 2*g**2 - 8*g + 29. Suppose -13 = 4*o + 31. What is the remainder when w(0) is divided by (1 - 2) + o/(-1)?
9
Let r(s) = 21*s - 463. Calculate the remainder when 109 is divided by r(24).
27
Let n(h) = -29*h - 186. Calculate the remainder when (-1)/4 - 250/(-8) is divided by n(-7).
14
Suppose -10*u = 492 - 1012. Calculate the remainder when 201 is divided by u.
45
Suppose -5*z + 143 = -2*h + 156, -4*z + 4 = 0. Calculate the remainder when 430 is divided by h.
7
Let z(h) = -22*h**3 - 5*h**2 - 9*h + 1. Let d be z(-4). Suppose -6*l = 417 - d. What is the remainder when l is divided by 32?
30
Suppose -8*v + v = 336. Let u = 49 + v. Calculate the remainder when 3 is divided by u.
0
Suppose 49*z = 12*z + 7252. Calculate the remainder when z is divided by 46.
12
Suppose 301 = 8*d - 107. Let k = d - 48. Calculate the remainder when 8 is divided by k.
2
Let p = -5 + 10. Suppose h = p*h - 8. What is the remainder when h is divided by 1?
0
Let o(j) = j**3 + 11*j**2 + 10*j + 6. Calculate the remainder when o(-4) is divided by 20.
18
Let o(t) = -11*t**3 + 6*t**2 + 4*t + 3. What is the remainder when o(-2) is divided by 54?
53
Suppose -3*t + 4 = -c, -4*t + 3*c = 6 - 3. Suppose y - t*z - 21 = -8*z, 0 = 4*y + 3*z - 67. Calculate the remainder when 74 is divided by y.
10
Let m = -1 - -4. What is the remainder when 23 is divided by 24/(m + 0) - 3?
3
Let r be (1 - -2) + -8 + -1. Let i be r*(2 - (-14)/4). Let l = i - -68. Calculate the remainder when l is divided by 12.
11
Let j(m) = -6*m + 1. Let b be j(5). Let g = -21 - b. Let q(x) = x**3 - 6*x**2 - 8*x + 4. Calculate the remainder when q(g) is divided by 18.
14
Let y(m) = m**2 - 6*m + 10. Suppose 2*w = -w. Suppose -2*r + w*r = 4*n - 38, -5*n - 57 = -3*r. What is the remainder when r is divided by y(5)?
4
Let y(w) = 17*w**2 + 4*w - 10. Calculate the remainder when y(4) is divided by 5.
3
Suppose 3*l = 0, i - 22 = -4*l + 110. Suppose 3*g + g = i. What is the remainder when g is divided by (20/12)/((-5)/(-54))?
15
Suppose 0 = 2*n + 5*p - 196 + 54, -5*p = n - 81. Suppose -x + 2*t = -14, -2*x - 3*t + 1 = 2*t. What is the remainder when n is divided by x?
5
Let v(o) = 3 - 7*o - 6*o + 3*o + 0*o. What is the remainder when v(-4) is divided by -23*1/(-1 + 0)?
20
Let x(r) = -7*r**2 - 98*r + 31. Calculate the remainder when x(-14) is divided by (8/3)/(2/12).
15
Let y be (36/(-10))/((-2)/30). Suppose -y = -2*f - 4*f. Suppose -88 = 5*u - f*u. What is the remainder when 65 is divided by u?
21
Suppose 3*c - 2*d - 30 = -5*d, -5*d + 8 = 2*c. What is the remainder when 21 is divided by c?
7
Suppose 0 = 3*v - 18*h + 23*h - 244, -53 = -v + 4*h. What is the remainder when 494 is divided by v?
56
Suppose 31*x = 35*x - 140. Calculate the remainder when 113 is divided by x.
8
What is the remainder when 881 is divided by (-8)/6*(-4704)/64?
97
Suppose -4*a + 2*a + 3*k = -6, -k - 6 = -2*a. Suppose 0*h = 2*h + a*j - 3, 5*j = -3*h + 4. Let c = 72 + -61. What is the remainder when c is divided by h?
2
Let n(r) = 6*r**3 - 4*r**2 + r + 2. Let q be n(3). Let v = q + -89. What is the remainder when v is divided by 11?
9
Let l(i) = -i**2 + 11*i + 7. What is the remainder when (2 - -2) + 37 + 7 is divided by l(9)?
23
Let z(y) = 2*y**2 + 2*y + 3. Let k be (4/(-3))/((-11)/33). Suppose 3*d + 6 = 3*p - 12, 0 = k*d + 5*p - 3. What is the remainder when 55 is divided by z(d)?
10
Let z = 2 - 0. Suppose 3*a = -z*a. Suppose a*y = -5*y + 60. Calculate the remainder when y is divided by 7.
5
Suppose 4*n + 37 = 5. Let y(h) = h**2 + 6*h - 3. What is the remainder when 89 is divided by y(n)?
11
Let s(h) = -h**3 - 2*h**2 + 13*h - 8. Calculate the remainder when s(-8) is divided by 5.
2
Let r = -1321 + 1396. Calculate the remainder when 215 is divided by r.
65
Let c = 133 + -80. Let w = 14 + c. Let l = 39 - 25. What is the remainder when w is divided by l?
11
Suppose 0 = q - 3, -4*w - 2*q = -q + 181. Let h = 49 + w. What is the remainder when 12 is divided by h?
0
Let q = 24 + -19. Suppose -q*y = -10*y + 75. What is the remainder when y is divided by 9?
6
Let r(q) = -q**3 - 6*q**2 - 7*q - 4. Let v be r(-5). Let b be (-1)/(-3) - (-4)/v. Calculate the remainder when -2 + b/(-1) + 24 is divided by 11.
10
Let t be (2/3)/((-2)/(-69)). Suppose 25*v - t*v - 4 = 0. Calculate the remainder when 12 is divided by v.
0
Suppose w + 14*p - 9*p = 78, 0 = -5*w - 5*p + 290. What is the remainder when 207 is divided by w?
48
Let q = -7 - -8. Let h = 1 - q. What is the remainder when 6 is divided by (-8 - h)/(1*-2)?
2
Suppose -4*t + 4 = -5*u - 7, -2*t - 5*u + 43 = 0. Suppose -v + 119 = -13. Suppose 0 = 4*s - v. What is the remainder when s is divided by t?
6
What is the remainder when 11